s o(c) a composite number?
False
Let b = -311 + 3852. Is b a prime number?
True
Let i = 3610 + -2091. Suppose 0 = -3*h - 82 + i. Suppose 0 = -4*z + 285 + h. Is z prime?
True
Is (5 - (2 - -1))/((-10)/(-2395)) a composite number?
False
Let f = 5295 + -3222. Is f prime?
False
Suppose 5*y = 6*y - 117. Let g = y - -40. Is g a composite number?
False
Suppose 5*g = 2*v + 2*v + 1829, 0 = -2*g - 5*v + 725. Let t = -174 + g. Is t a composite number?
False
Let f = -68 - -127. Is f prime?
True
Suppose 4*h = -3*r - 12, 4*h - 7 - 13 = 5*r. Suppose -5*k + 2938 - 3 = -i, h = 3*k + i - 1761. Is k prime?
True
Let h(z) = 15*z**2 - 35*z + 91. Is h(17) prime?
False
Suppose 3*c + 2*a = 53471, -43*c + 4*a + 17847 = -42*c. Is c a prime number?
True
Let f = -6306 - -11473. Is f composite?
False
Suppose 0 = -23*n + 3*n + 1163300. Is n a prime number?
False
Suppose 11*a = 22 + 22. Suppose 290 + 169 = u - 4*j, 0 = a*j + 20. Is u a prime number?
True
Suppose -28*r + 23257 = -11715. Is r prime?
True
Let w(p) = -p**2 - 14*p - 3. Let z be w(-14). Let b be (12/9)/((-2)/z). Suppose 2*n + 4*r = 926, b*n - 816 = -r + 122. Is n a prime number?
False
Suppose -v + 146674 = 5*y - 492412, v = 6*y - 766901. Is y prime?
True
Let w = 1260 + -123. Suppose -3*y - w = -3*u, 2*u + 2*y = -0*y + 750. Is u composite?
True
Let y(r) = 583*r + 101. Is y(14) composite?
False
Suppose -g + 4*c - 8 = -2*g, -5*g = 2*c + 14. Is g/(-4) + -2 + 186 prime?
False
Suppose -868 = -4*g - 0*g. Let w be (1/(-2))/(4/208). Let x = w + g. Is x a prime number?
True
Let c(m) = m**3 - 9*m**2 + 2*m - 13. Let g be c(9). Suppose k - g*j = -k + 922, -8 = -2*j. Is k a composite number?
True
Let w(p) = p + 5. Let x be w(-5). Let t = 30 + -19. Suppose x = -8*a + t*a - 381. Is a a prime number?
True
Suppose 5*m - 5*d = 21230, m - 2779 - 1479 = -3*d. Is m a composite number?
True
Suppose -35 = 2*n + 3*n - 2*x, -14 = 2*n - 4*x. Is n/(-21) + (-952)/(-6) a prime number?
False
Suppose -5*r + 3*p + 65596 = 0, 2*r - 4*r - 5*p + 26257 = 0. Is r a prime number?
True
Let h(p) be the second derivative of p**6/120 - p**5/60 + p**4/24 + p**3/6 + 3*p**2 + 2*p. Let o(z) be the first derivative of h(z). Is o(4) a composite number?
False
Suppose -5*d = -3*g + 31, -2*g - 16 = 2*d + 2*d. Suppose 0 = -4*a + 2*l + 1232, g*a + 3*l = 53 + 571. Is a a composite number?
True
Let p(u) = -509*u - 41. Is p(-2) a composite number?
False
Let s(r) = 2*r**2 - 13*r + 29. Suppose 51 = 5*h - 3*w, 0 = 5*h - 4*w - 30 - 18. Is s(h) composite?
True
Let s = -3407 - -7690. Is s a prime number?
True
Suppose 28163 = 20*l + 2503. Is l a prime number?
True
Let r(s) = s**3 + 31*s**2 - 7*s - 65. Is r(-24) prime?
False
Suppose -89*g - 838802 = -11611273. Is g composite?
False
Suppose -3*u + 4*o + 0*o = 480, 480 = -3*u + 3*o. Let p = u - -961. Suppose 5*x - p = 444. Is x a prime number?
False
Let x(s) = 1244*s - 69. Is x(7) a composite number?
True
Suppose 0 = -2*p - 4*u + 5110, -4*p + 10*u = 8*u - 10240. Is p a composite number?
True
Let h be 2 - 0 - (0 + 0). Suppose l = 13*l - 12564. Suppose -5*o + l = 2*v, -o + v - 207 = -h*o. Is o a prime number?
True
Let z = 4428 - 2707. Is z prime?
True
Let n(u) = -80*u**3 - 3*u**2 + 32*u + 110. Is n(-7) composite?
False
Let q(t) = -t**3 + 3*t + 3. Let h be q(-2). Suppose -w = h*w - 9942. Is w composite?
False
Let z(o) = o**3 - 5*o**2 - 4*o - 4. Let i be z(6). Suppose 3*u - i*u = -335. Is u composite?
False
Let a be -1654*(2 + (-42)/12). Let x = 4295 - a. Is x a composite number?
True
Let a(d) = 409*d**2 + 16*d - 63. Is a(6) prime?
False
Let t = -598 - -179. Let f = -63 - 229. Let c = f - t. Is c composite?
False
Let h(j) = 394*j**2 - 2*j + 3. Let x be h(-3). Suppose -5*g - 1365 + x = 0. Suppose -g = -4*a + 278. Is a a prime number?
True
Suppose 0*d + 5*d - 2295 = 0. Suppose -2*r + d = -1295. Is r a prime number?
True
Is (-319428)/(-24) - -1 - 3/2 composite?
False
Let n = 6894 + 1003. Is n a composite number?
True
Is 3082/4 - -1 - (-50)/(-20) prime?
True
Let d(b) = -28 - 54 - 3*b + 2*b. Let h be d(0). Let t = 161 + h. Is t prime?
True
Suppose -s = 4*a - 3986 - 3567, 37811 = 5*s - 3*a. Is s a prime number?
True
Is (-10)/4*17344504/(-940) a composite number?
True
Let j be (-1)/3 + 13/3. Suppose 808 = j*v + w, -2*v - w + 124 = -280. Is v composite?
True
Suppose 1883 = 12*y - 2161. Is y a composite number?
False
Let w(g) = -g**2 - 6*g + 7. Let l be w(9). Let m = l - -181. Is m a composite number?
False
Let j(m) = 5751*m**2 - 9*m + 7. Is j(1) prime?
True
Suppose -2*n + 23711 = -5*t, 5*n - 19476 - 39851 = -4*t. Let l = -6084 + n. Is l prime?
True
Let l = 33405 + -23788. Is l a composite number?
True
Suppose 3*n + 2*t = 13 + 36, -5*n + 5*t = -65. Let c = 3 + n. Let u = -11 + c. Is u prime?
True
Let b = 41 - 41. Suppose b = -5*d - m + 45, -4*d + 5*m = d - 45. Suppose 147 = 2*w + d. Is w a prime number?
False
Let k = -8 + -3. Let c be k/(33/(-30))*6. Suppose 0 = 2*g + 4*x - c, g - 16 = -0*g + 5*x. Is g composite?
True
Suppose -5117 - 7882 = -7*p. Suppose 0 = 2*r + 3*n - p, 7*n - 5*n = 2*r - 1832. Is r a prime number?
False
Let s = -12332 - -23179. Is s prime?
True
Is (((-33)/(-9))/11)/(1/52485) a prime number?
False
Let r be 3*4*4/16. Suppose -r*v + 2*w = -2*w - 847, -3*w + 304 = v. Is v a prime number?
False
Let v(z) = -z - 4. Let t be v(-4). Suppose 125*y - 129*y + 7736 = t. Is y composite?
True
Suppose -2*i + 3*t + 45 = 2*t, -5*i + 4*t = -108. Is 2/(-1)*(-612)/i prime?
False
Let i = 1488 - -851. Is i a composite number?
False
Let l(w) = -w + 10. Let b be l(13). Let f be ((-30)/b - 0)/(-2). Is (-630)/(15/f) - -1 composite?
False
Is 8 + 9/6*4212 prime?
False
Suppose 0 = 39*q - 232 + 1129. Suppose -k - 14 = -56. Let s = k + q. Is s prime?
True
Suppose -10*n - 45 = -11*n. Suppose 3*k - 291 + n = 0. Is k composite?
True
Let x(b) = b**3 - 12*b**2 + 12*b + 13. Let y be x(11). Suppose 6*k + y = 2*k. Is -1*(-201)/k*-2 a composite number?
False
Let p be (-2 - 1)/(5/(-10)). Let l(t) = 7*t - 15*t**3 + p*t**2 - 1 - 2*t**2 + 28*t**3. Is l(5) a composite number?
False
Let k(s) = 454*s - 169. Is k(75) a prime number?
False
Let t(j) = -5541*j. Let f be t(-2). Let h = 5508 - f. Is ((-3)/9)/(2/h) a prime number?
True
Suppose -3*w = -w - 4. Suppose -w*v + 2*z = -3*v + 1284, 4 = -4*z. Suppose -1049 = -5*b + v. Is b composite?
False
Let m(g) = -g**2 - 4*g + 3. Let i be m(-4). Suppose i*j = b + 796, -6*j - 5*b + 559 = -4*j. Is j a prime number?
False
Let o(s) = s**2 + 6*s - 3. Let m be o(-6). Let d(u) = 8*u**2 + 3*u + 3. Let b be d(m). Is ((-118)/(-3))/(4/b) a prime number?
False
Suppose 4*h + 14 = 2*y, -2*h + 3 = -4*y + 5*y. Suppose -762 = -y*g + 23. Is g a prime number?
True
Let p = -2955 - -757. Let n = 4022 + -775. Let c = p + n. Is c a composite number?
False
Let r = -9 + 17. Let g(n) = n**2 - 8*n + 2. Let o be g(r). Suppose 673 - 159 = o*d. Is d a prime number?
True
Suppose 5*i - 2*i = 6. Let s be 3 + ((-12)/(-2) - 5). Suppose 0 = s*l - i - 146. Is l a prime number?
True
Let b(w) = 967*w**3 - 4*w**2 - 5*w + 19. Is b(3) composite?
True
Suppose -148*r + 161*r - 442351 = 0. Is r composite?
True
Suppose -3*l - b + 69268 = 0, -4*l + 7*b - 4*b = -92353. Is l composite?
True
Let z be 120/7*(-833)/(-14). Suppose z = 2*r + r. Let a = r - 131. Is a a composite number?
True
Let j(w) = 22*w**2 - 30*w + 19. Let t be j(-18). Suppose 15382 = 4*d - 2*a, -2*d - 2*a - a + t = 0. Is d composite?
True
Suppose -3 = -4*m + 3*y, 4*y - 6 = 6. Suppose 2*u + 2*u = 7*u. Suppose 291 = -s + 2*s - k, u = 5*s - m*k - 1459. Is s a prime number?
True
Suppose 5*b + 3*q = 6272, 5*b - 6276 = 2*q - q. Is b a composite number?
True
Suppose 0 = 2*w - 4, -w + 42 = 2*c - 0*c. Suppose -2*f - 5*b = -306, -8*b = -13*b + c. Is f a composite number?
True
Is 12/(-8)*14493*2/(-9) a prime number?
True
Let a(d) be the second derivative of 8*d**3 - d**2/2 - d. Suppose 4*w + 3 = 5*b, 5*b + w = -2*w + 24. Is a(b) composite?
True
Let m be (-3)/(-5) + (-2)/(-5) - -22. Suppose -2*s = -5*w - 1356, -m = -s + 5*w + 660. Is s composite?
False
Let v = 26877 + -11038. Is v composite?
True
Let j be 6/7*(-14)/(-4). Suppose -4*i - 14 = 2*a, -1 = a - i - j*i. Let v(u) = 13*u**2 + 5*u + 3. Is v(a) prime?
False
Let u be 4*(10/(-8) + 2). Suppose u*y - 5429 = -374. Is y a composite number?
True
Let y = 72273 - 108541. Le